 highest common factor of 8053325 and 1547.
119
Calculate the greatest common divisor of 23472 and 896262672.
7824
Calculate the greatest common divisor of 11452 and 20384.
28
What is the highest common factor of 4790475 and 752?
47
Calculate the highest common factor of 234651760 and 29.
29
Calculate the greatest common divisor of 98741 and 282452.
293
What is the highest common factor of 137478 and 143?
11
What is the greatest common divisor of 197185800 and 100?
100
What is the greatest common factor of 5143236 and 3969?
147
What is the greatest common factor of 66044714 and 268?
134
What is the highest common factor of 583 and 16090569?
11
Calculate the greatest common divisor of 13833 and 2920300.
1537
Calculate the highest common divisor of 16275 and 334025.
775
What is the greatest common factor of 15161268 and 999?
111
What is the highest common divisor of 207831572 and 155266?
5354
Calculate the highest common divisor of 6 and 24569282.
2
Calculate the greatest common factor of 86508 and 595143.
801
What is the highest common divisor of 1848 and 9944025?
21
Calculate the greatest common factor of 4544595 and 4455.
495
Calculate the greatest common factor of 288 and 406944224.
32
Calculate the highest common divisor of 463709 and 87227.
17
What is the highest common divisor of 73508 and 17813?
47
Calculate the greatest common divisor of 45 and 263646.
9
Calculate the highest common divisor of 746926 and 44.
2
Calculate the greatest common factor of 16230354 and 7.
7
What is the highest common divisor of 858 and 1625184?
66
What is the greatest common factor of 78 and 104631774?
78
What is the highest common factor of 2510035 and 264?
11
What is the highest common factor of 149328 and 764025?
183
Calculate the greatest common divisor of 1044830 and 118990.
1630
What is the highest common divisor of 10088 and 1600888?
776
Calculate the greatest common divisor of 28834300 and 160.
20
Calculate the greatest common factor of 829292499 and 61.
61
What is the greatest common factor of 5808 and 37837536?
528
Calculate the greatest common factor of 2247427 and 1456.
91
Calculate the highest common divisor of 624 and 23724272.
208
What is the highest common factor of 3009 and 1105238?
17
What is the greatest common factor of 1113045 and 9?
3
Calculate the highest common divisor of 25 and 51722900.
25
What is the greatest common divisor of 499796 and 53504?
44
Calculate the greatest common divisor of 24425 and 81809095.
4885
Calculate the highest common divisor of 180 and 3820740.
60
Calculate the greatest common factor of 2786248 and 592.
296
Calculate the greatest common factor of 37264 and 15653894.
274
What is the highest common factor of 295364524 and 1820?
364
What is the highest common factor of 5304028 and 36?
4
What is the highest common factor of 2873428 and 76?
4
Calculate the highest common divisor of 941108959 and 7.
7
What is the greatest common factor of 693 and 22234317?
21
What is the highest common factor of 1699812486 and 666?
666
What is the highest common divisor of 285 and 243985065?
15
What is the greatest common divisor of 792378 and 54?
18
Calculate the greatest common divisor of 27795862 and 232.
58
What is the highest common factor of 1357 and 2361003?
59
What is the greatest common factor of 47820 and 68?
4
What is the highest common factor of 1255824 and 1589976?
3672
Calculate the greatest common divisor of 206 and 1271741.
103
Calculate the highest common divisor of 4875646 and 31429.
593
What is the greatest common divisor of 441 and 1711485?
9
Calculate the greatest common factor of 18324 and 397001676.
6108
What is the greatest common divisor of 1702 and 3028561?
37
Calculate the greatest common divisor of 688266 and 46.
2
What is the highest common factor of 2637720 and 35190?
1530
Calculate the greatest common divisor of 77172 and 5672.
4
What is the greatest common divisor of 2318350 and 4310?
10
What is the greatest common divisor of 48 and 2075880?
24
Calculate the greatest common divisor of 26565280 and 840.
280
What is the highest common factor of 121850 and 2540?
10
Calculate the greatest common factor of 75642 and 67326.
42
What is the highest common factor of 5889876 and 1860?
372
Calculate the greatest common divisor of 16475 and 112525.
25
Calculate the greatest common divisor of 71976 and 2669110.
5998
Calculate the greatest common factor of 324624 and 2384.
16
What is the highest common divisor of 7813800 and 120?
120
What is the highest common factor of 1510880 and 21980?
140
Calculate the greatest common divisor of 280 and 38488090.
10
Calculate the greatest common divisor of 25921974 and 568503.
4407
What is the greatest common divisor of 29063700 and 2064?
516
Calculate the greatest common factor of 3507 and 138705.
21
What is the greatest common factor of 36791709 and 39?
3
Calculate the greatest common divisor of 113122 and 1043526.
326
What is the highest common factor of 1115 and 1363?
1
What is the greatest common factor of 36711 and 68555753?
4079
Calculate the greatest common divisor of 754672950 and 75.
75
What is the greatest common divisor of 15841648 and 21816?
808
Calculate the highest common factor of 1779764 and 8568.
476
Calculate the greatest common divisor of 61440 and 1752.
24
Calculate the greatest common divisor of 210826232 and 1642.
1642
Calculate the highest common factor of 14689325 and 2135.
35
Calculate the highest common divisor of 208 and 1310992.
16
Calculate the highest common divisor of 326 and 8592219.
163
What is the greatest common factor of 30445119 and 51823?
1787
What is the highest common divisor of 3271968 and 11232?
864
What is the highest common divisor of 32416952 and 8224?
2056
What is the greatest common factor of 462 and 250334?
14
What is the greatest common divisor of 3746128 and 336?
16
Calculate the highest common factor of 220123 and 1.
1
Calculate the greatest common factor of 4195 and 315481619.
839
Calculate the highest common divisor of 41425 and 476100.
25
What is the greatest common divisor of 8256884 and 219?
73
What is the greatest common divisor of 138395 and 483715?
445
Calculate the highest common factor of 8578899 and 342.
171
Calculate the greatest common divisor of 627 and 7520067.
57
Calculate the greatest common factor of 3269058 and 1482.
78
Calculate the highest common divisor of 11418875 and 125.
125
Calculate the greatest common divisor of 63163 and 310488.
761
Calculate the highest common factor of 2135 and 746701.
61
What is the greatest common divisor of 9100 and 4834700?
1300
Calculate the greatest common divisor of 3118 and 1844.
2
Calculate the highest common divisor of 15378 and 2150357.
2563
What is the highest common divisor of 5289928 and 1280?
8
What is the greatest common divisor of 10040 and 4571965?
1255
Calculate the highest common factor of 4512018 and 3136.
98
What is the greatest common divisor of 5063 and 108262129?
5063
Calculate the highest common divisor of 4729140 and 2005302.
3666
What is the greatest common factor of 43076792 and 736?
184
Calculate the greatest common divisor of 14 and 3706652.
2
Calculate the greatest common divisor of 350144352 and 288.
288
What is the highest common divisor of 360 and 34475680?
40
Calculate the highest common factor of 4386 and 26251672.
1462
What is the highest common factor of 524 and 142018148?
524
Calculate the greatest common divisor of 5464 and 1993657876.
2732
What is the greatest common factor of 461516341 and 99?
11
What is the greatest common factor of 20172 and 342588?
12
Calculate the greatest common factor of 281352192 and 19910.
3982
What is the highest common factor of 284098300 and 11606?
1658
What is the greatest common factor of 11219 and 21047?
13
What is the highest common divisor of 44271 and 1467?
9
Calculate the greatest common divisor of 1706441760 and 23.
23
Calculate the greatest common divisor of 1054 and 579895517.
527
Calculate the highest common divisor of 98291 and 105219.
433
Calculate the highest common factor of 450343214 and 774.
86
Calculate the highest common factor of 146112 and 28224.
192
Calculate the highest common factor of 176 and 1314376.
8
Calculate the highest common divisor of 50 and 24149900.
50
Calculate the high